- 1420 = j*d. Is d composite?
False
Let n be (19/(-2) - 3) + 2/4. Is 3295/3 - n/18 a prime number?
False
Suppose h + 44 = 2*h. Suppose f + 27 = 3*k, -k - 3*k + 4*f = -h. Is 10/3*84/k composite?
True
Let p = 159 + 310. Suppose p = 5*a + 2*m - 350, 3*a - 4*m = 481. Is a composite?
False
Suppose 0 = -5*u + 5, 0 = -5*m - 4*u - 0*u + 154. Suppose -2*o + 4*c + 38 = 0, 4*o + m = 9*o + 3*c. Suppose 7*g = o*g - 44. Is g a composite number?
True
Suppose 3*g + 2*g + o + 62 = 0, -2*g + 5*o - 14 = 0. Let b be (-7 + 2)*g/20. Is 3*(856/12 + b) prime?
True
Suppose -2*q - 107950 = -5*t + 23493, -131419 = -5*t - 4*q. Is t a composite number?
True
Suppose 12 = p - 3*i, -3*p - 5*i + 0*i = 34. Let g be -4 - (-1236 - 1) - p. Suppose -t + 4 = 0, 3*t = 4*r + t - g. Is r prime?
True
Suppose 5072 = 4*v - b - 25344, 3*b = -3*v + 22797. Is v prime?
True
Suppose 0 = 4026*o - 4021*o - 45905. Is o a prime number?
True
Suppose 3*n = -r - 0*r + 46, 4*n - r = 73. Suppose 8396 = -13*g + n*g. Is g a prime number?
True
Let k(a) = 16*a + 3*a**2 - 1 + 4 - 17*a - 5*a**3 + 6*a**3. Let o = 11 + -7. Is k(o) prime?
False
Suppose -s - 15 = -4*b + 1, 3*b - 2*s = 17. Suppose -2*v = v + b. Is v/((6/(-717))/2) a prime number?
True
Let a(f) = -3535*f**3 - f**2 + f + 1. Let c be a(-1). Suppose -365 = -7*p + c. Is p a composite number?
False
Let t = -61346 + 96597. Is t prime?
True
Let d be (-3 + 9*(-12)/(-20))*340. Let k = 19 + d. Is k prime?
False
Is (4/(-1 + -3))/(8/(-3208)) a prime number?
True
Let l = -48288 - -70775. Is l a composite number?
True
Is 1/(1/(-2))*(-28581)/42 a composite number?
False
Let y(d) = 7*d**2 - d - 8. Let o(h) = 10*h**2 - 2*h - 12. Let p(x) = -5*o(x) + 7*y(x). Let v be p(3). Is (-42)/35*(-110)/v a composite number?
True
Suppose 0 = -5*l - 20, 4*l = -4*h - l - 220. Let m = h + 69. Is m composite?
False
Suppose f - 1 = 0, -2*q + 18*f = 20*f - 130432. Is q prime?
False
Suppose 0 = -k + 1, -2*j + 3*k = -j - 7598. Is j composite?
True
Suppose -3*u = 4*j - 6*u - 250052, 0 = 4*j - 2*u - 250052. Is j a prime number?
False
Let w(m) = 154*m**2 - 3*m - 3. Is w(7) a prime number?
False
Let t(w) = -22*w**2 - 14*w + 1. Let x(c) = 88*c**2 + 57*c - 5. Let v(n) = -9*t(n) - 2*x(n). Is v(-5) a composite number?
False
Let w(x) = -2*x - 8. Let i be w(-5). Suppose 0 = 7*h + i*h - 18891. Is h prime?
True
Suppose -2*b - 2*d + 2572 = -2542, 4*b + 5*d - 10228 = 0. Suppose -5*s + 2550 = 5*y, 2*y + 3*y - 2*s = b. Is y composite?
True
Suppose -10*o = -2*o - 153656. Is o a composite number?
False
Let w = -3554 + 7845. Is w a composite number?
True
Let w(m) = 4*m + 11. Let g be w(-4). Is (614/(-4) + g)*-2 a composite number?
False
Suppose 208 = 4*s - 456. Suppose 3*i - 593 = s. Is i a composite number?
True
Let n be (-34)/(-4)*-1*-4. Let q be -15 - -41 - (-3)/(-1). Let p = n - q. Is p prime?
True
Suppose m = -34 + 13. Let i be (-1)/3 - (-56)/m. Is 1*(3 - (i + -5)) a prime number?
True
Let w = 1169 - -373. Suppose -42*p + 48*p = w. Is p a prime number?
True
Let c = -13 - -15. Suppose 2549 = 4*s + 5*r, -r - c*r + 646 = s. Is s composite?
False
Suppose -n - 4*h = -804, 8*n - 5*h - 786 = 7*n. Let g = -261 + n. Is g composite?
True
Suppose 35*p - 32*p - 3*c = 6720, -11188 = -5*p + c. Is p composite?
False
Let f(z) = z**3 + 9*z**2 - 18*z. Let p(t) = t**2 - 1. Let j(c) = f(c) - p(c). Is j(10) a composite number?
False
Let y be 2 - 5/((-15)/1899). Suppose -4*w + 3*k = -y, 5*k - 817 = -5*w + k. Is w composite?
True
Suppose -l + 3*l + s - 102 = 0, s = 0. Is l composite?
True
Let r = 280 - -199. Is r prime?
True
Let o = -25 - -94. Suppose -q + 40 = -o. Is q composite?
False
Suppose -1 = -3*d - 13. Let u(m) = -14*m**3 - m**2 - 4*m + 4. Let s be u(d). Suppose 3*b + 2*z - s = 0, -3*b + 0*b + 891 = -z. Is b a composite number?
True
Let j(c) = c**3 + 16*c**2 - c - 14. Let g be j(-16). Suppose -g*w - 123 - 21 = 0. Let s = 139 + w. Is s a composite number?
False
Is 1/(-3) + (-25)/((-675)/249948) a composite number?
False
Let m be 135/(-25) + (-8)/(-20). Let v(b) be the second derivative of b**4/2 - b**3/6 + b**2 + 2*b. Is v(m) composite?
False
Let z(p) = p**2 - 13*p + 15. Let k be z(13). Suppose -a = -k + 11. Is a composite?
True
Let z = -49 + 54. Let x = 14 + z. Is x a composite number?
False
Let a(y) = -19*y - 18. Let v be a(-12). Suppose 2*z - 26 - v = 0. Is z prime?
False
Suppose -5*a = -4*k - 15369 - 83852, -3*a + 5*k = -59543. Is a composite?
False
Is (2 + -3)/2*(-3787 - -1) prime?
False
Is (16/8)/(-1 - (-11874)/11870) composite?
True
Let o = -8124 + 23785. Is o composite?
False
Suppose 5*b - 12*s - 2315 = -7*s, -5*b - 4*s + 2351 = 0. Is b composite?
False
Let f = 552 - 947. Let x = 554 + f. Is x prime?
False
Let f(j) = -2 + 14*j + 6 - 1 + 1. Let q be f(5). Is (3 + -7)*q/(-4) a composite number?
True
Is (-23457)/(-28)*16/6 a composite number?
True
Let k(a) = -19*a + 18. Let g = 42 + -47. Is k(g) a prime number?
True
Let a(n) be the third derivative of -n**4/6 + n**3/6 + n**2. Suppose 4*k + 10 = -2*h, -2*h = h + 5*k + 19. Is a(h) composite?
False
Let s = 4530 - 1271. Is s composite?
False
Suppose -586808 = -13*c - 181507. Is c a composite number?
False
Is 1*(399810/5)/6 composite?
False
Suppose -3*a - 41 - 22 = 0. Let z = 23 + a. Suppose z*c = 3*c - 201. Is c prime?
False
Let u(k) = -k**3 - 6*k**2 - 11*k - 4. Let d be u(-2). Suppose 0 = -s + 1, 0 = t + 2*t - s - 14. Suppose -t*l + 1503 = -d. Is l prime?
False
Let g(o) = -24*o**2 + 12*o**2 + o - 5*o**3 - 13 - 6*o. Is g(-9) prime?
False
Suppose -2*p + 16 = -14. Let h = p - 13. Suppose -476 = h*t - 6*t. Is t a composite number?
True
Suppose 2*s = -4*z + 3*s + 36, 0 = 5*s + 20. Suppose 0 = -5*w + z*w - 3. Is (-1*838)/(-2)*w prime?
True
Let c(t) = t**3 + t**2 - t + 97. Let l = 2 - -3. Suppose x + q + 1 = 0, -l*x - q = -2 + 3. Is c(x) composite?
False
Let j = -10 - -14. Suppose j*s = h + 19, -2*h - 10 = -s - 0*h. Is (10/s)/(2/188) a composite number?
True
Let s(j) = 59*j**2 - 10*j + 3. Is s(4) a composite number?
False
Let s be (9/12)/(1/4). Let d(u) = 895*u**2 - 1. Let x be d(1). Is x/(-4)*(-2)/s a prime number?
True
Let n(d) = -31*d + 7849. Is n(0) a composite number?
True
Suppose 0 = 5*b + 5*j + 2110, 1673 = -4*b + j - 0*j. Is 4/12*b*-3 a composite number?
False
Suppose -3*s + 7*l + 19628 = 12*l, -19619 = -3*s + 4*l. Is s composite?
True
Suppose 0 = r + 4*r. Suppose -3*m + 211 + 392 = r. Is m a prime number?
False
Suppose 0 = -5*s, -5*s = -2*b - 6*s + 8086. Is b a composite number?
True
Suppose 2*r - 7 - 21 = 0. Suppose -19*d + 2720 = -r*d. Let g = d - 387. Is g a prime number?
True
Suppose z - 13 - 6 = 0. Suppose 5*d = -z - 36. Let m = d + 24. Is m prime?
True
Let k = -12881 + 24216. Is k a prime number?
False
Let x(z) = z**2 - 13*z - 327. Is x(-14) a prime number?
False
Suppose -3*j = -4*b + 9307, 0*b = -3*b + j + 6984. Is b composite?
True
Let o = -37 + 31. Is 2/o - 1508/(-6) prime?
True
Suppose 5 = 5*i + 5*k, 5*i - 8 = 7*i + 4*k. Suppose 25 + 17 = -2*q + 4*r, -q - i = r. Let m(d) = d**2 + 9*d + 9. Is m(q) a composite number?
False
Suppose 0*n + 3 = n, -2*w + 12 = 4*n. Suppose 6 = 2*a - w*a. Is (-2 + a + 0)*59 a prime number?
True
Let z = 43 - 44. Is (14 - -990)*z/(-4) a composite number?
False
Let x(z) = z**2 + 5*z + 5. Let i(l) = -6*l**2 + l. Let q be i(1). Let y be x(q). Is (-14)/35 - (-1437)/y composite?
True
Is 78199 - -12*1/(-9)*-3 a prime number?
True
Suppose -2*t + 1906 = -4*j, 0 = 5*j - 0*j - 3*t + 2381. Let r = 713 + j. Is r prime?
False
Suppose 372764 = 23*j + 5*j. Is j composite?
False
Suppose -2*x - 2 = -12. Suppose 0 = u - x, -3*u = -2*i - u + 624. Is i a composite number?
False
Suppose o - 2*o = 9. Let c be (-2)/o - (-367)/9. Suppose 3*w - c = -11. Is w composite?
True
Is 4248 + -1 + -5 - 1 a prime number?
True
Let i(o) = 316*o**2 + 3. Suppose -u - 5*u - 12 = 0. Is i(u) a composite number?
True
Is (-177)/(6*(-3)/12) prime?
False
Let j be 2*2/((-12)/(-15)). Let r be 230/50 - (-2)/j. Suppose 110 + 105 = r*z. Is z composite?
False
Suppose -23*s + 353795 - 49666 = 0. Is s prime?
False
Suppose 3*w + 3 + 0 = 0, -2*r - 3*w = 387. Is 3 - (7 - 3) - r prime?
True
Is (1882056/120)/(1/5) a prime number?
False
Is (-11)/(-22) - 991806/(-12) a composite number?
False
Let j(x) = 3 + 1 - 2 + 8*x**2 - 3 + x. Let s = 6 - 3. Is j(s) composite?
True
Suppose -3